-r*f - 74. Calculate the highest common factor of f and 4.
4
Let y(d) = -d**2 + 21*d + 98. Let g be y(21). Suppose 9*v = 170 - g. What is the greatest common factor of v and 5?
1
Let f = 6524 - 3327. Calculate the greatest common factor of 556 and f.
139
Suppose -3*k = -4*k + 3, -3*w + 1062 = -4*k. Let x = 79 - 74. Suppose -x*b = -w - 302. Calculate the greatest common factor of b and 44.
44
Let y = 7 - 5. Let g be (-18 + (1 - 1))/(33/418). Let u = -222 - g. Calculate the highest common divisor of y and u.
2
Let w = 3103 - 474. What is the highest common factor of w and 22?
11
Let y be (-136)/(-10)*15/2. Suppose 3*k - 21 = -2*z, -153*z + 5*k - 87 = -165*z. What is the greatest common factor of z and y?
6
Let a be 4/(6 - 44/8). Suppose 0 = 19*d + a - 27. What is the greatest common divisor of d and 19?
1
Let k = 288 + 9. Let a = k + -82. Suppose 5*r = a + 1875. Calculate the highest common factor of 38 and r.
38
Let b(k) = -4*k**2 - 9*k - 2 + 5*k**2 + 0 - 14. Let c be b(-4). What is the highest common factor of c and 468?
36
Let k(y) = 5*y**2 + 235*y + 82. Let a be k(-47). What is the greatest common factor of 4 and a?
2
Let v be (1 - 2)/((-2)/64). Let d = -747 - -926. Let h = 499 - d. Calculate the greatest common factor of h and v.
32
Let f be 1/(-3) - (15/9 - 3). Let l be 7 - (-18)/(-3) - f*4. Let c be -4 - -56 - (1 - l). Calculate the greatest common factor of 16 and c.
16
Let b(c) = -c**3 + 9*c**2 + 14*c - 15. Let u be b(10). Let f = u - 9. Let r be (6/4)/((-68)/f - -5). Calculate the greatest common factor of r and 20.
2
Suppose 42*a + 0*a - 3120 = -153*a. Let n(j) = -184*j**3 + j**2 + j. Let p be n(-1). What is the highest common divisor of p and a?
8
Let l(o) = -o**3 - 81*o**2 - 80*o + 10. Let j be l(-80). What is the highest common divisor of j and 945?
5
Suppose -4*v + 13 = -3*v. Let p = 3 - v. Let j(b) = b**3 + 10*b**2 - 9*b - 24. Let f be j(p). Calculate the highest common divisor of 22 and f.
22
Let d(k) = -k - 15. Let z be d(-8). Let o be 53 + (3 + z - -1). Let a = 92 - o. What is the highest common divisor of 14 and a?
14
Suppose 4*d - 6 - 12 = -5*q, -d + 6 = 2*q. Let u be 413/2 - q/(-4). What is the greatest common divisor of 46 and u?
23
Suppose -7*r + 63 = -6*r. Suppose -233*p = -247*p + 140. Let x be ((-24)/20)/(p/(-150)). What is the highest common divisor of r and x?
9
Suppose -5*f + 2639 = 3*h - 540, -3*f + 1955 = -5*h. What is the greatest common divisor of 44 and f?
4
Suppose -4*s + 7 = 3*b - 20, -4*b = 4*s - 32. Suppose -7 = z, -3*i + 118*z + 202 = 120*z. What is the highest common factor of s and i?
3
Suppose 3*r = -2*r - 3*g + 93, 0 = -r - g + 19. Suppose r*u = u + 1904. What is the highest common divisor of 28 and u?
28
Let a = 16 - 14. Suppose 3*y + a*g - 21 = g, 4*y - 15 = 3*g. Suppose -j - 405 = -y*j. What is the greatest common factor of 9 and j?
9
Suppose -3*s + 2*i = -3626, 0 = -2*i + 4. Suppose 4*v + 4*f - 2*f = s, f + 1523 = 5*v. Calculate the greatest common divisor of 16 and v.
16
Suppose 0*v = -v + 5*f + 52, 4*f + 57 = v. Suppose -v = -4*q + 203. What is the highest common divisor of 56 and q?
14
Let u(k) = -3*k + 16. Let d(x) = -2*x + 16. Let a(m) = 5*d(m) - 4*u(m). Let b be a(-6). What is the greatest common factor of 20 and b?
4
Let k(o) = -2*o**2 - 6*o - 9. Let f be k(12). Let t be f/(-21) + (-24)/(-56). Let l be (-42)/t*(-24)/2. Calculate the highest common factor of 70 and l.
14
Let l(n) = -167*n - 2710. Let z be l(-20). Calculate the greatest common factor of z and 2394.
126
Suppose 9 = 51*r - 50*r - 16. Suppose 0 = -d + 2*d - 2. Suppose -5*n - 65 = -5*v, -d*v + 36 + r = 5*n. Calculate the greatest common divisor of v and 63.
9
Let v = 10390 - 9550. Calculate the highest common factor of v and 525.
105
Let w = 5253 + -5187. Suppose 5*v = -3*b - 3 - 20, -2*v - 18 = -b. Let d = -1 - v. What is the highest common factor of w and d?
6
Let q be 2 + (0 + 0)/5. Let w(t) = 3*t**2 + 4. Let b be w(q). Let m = -12 - -44. Calculate the greatest common divisor of m and b.
16
Suppose -10*r + 4*r = -6. Let h be (r/3 - 1)/((-2)/396). Suppose j = -j + h. Calculate the highest common factor of j and 99.
33
Suppose 22*q - 960 = 492. Let w be 2*(54/6 - 3). Calculate the highest common divisor of w and q.
6
Suppose 128*l = 1130 + 4758. Calculate the greatest common factor of l and 18630.
46
Let m = -26876 + 29312. What is the greatest common factor of m and 308?
28
Let j be (195 + -3)/((-46)/(-1863)). What is the highest common divisor of 96 and j?
96
Let c(s) = 62*s + 818. Let q be c(-11). Calculate the highest common divisor of 391 and q.
17
Suppose 19 = 2*k + j, 5*k + 5*j - 4 - 41 = 0. Suppose 0 = -3*v + 125 + k. What is the highest common divisor of 5 and v?
5
Let h be ((-6)/(-12) - (-22)/(-4))/(-1). Let v(f) = -11*f + 75. Let s be v(h). Let r be (-3 + 58/6)*12. Calculate the greatest common divisor of s and r.
20
Suppose 43 + 57 = t + 3*u, 0 = 4*t + 6*u - 376. What is the greatest common divisor of 9284 and t?
44
Let y(q) = q - 17. Let o be y(14). Let z be 8/2 + o + 7. Suppose 0 = -64*h + 62*h + 176. Calculate the greatest common divisor of h and z.
8
Let y be 4 - ((-6)/8 - (-9)/(-36)). Suppose -u - 3*d + 6*d = -16, -4*u = -y*d - 64. Calculate the highest common factor of 112 and u.
16
Let p(w) = 25004*w - 188. Let g be p(1). Calculate the greatest common factor of g and 16.
16
Let h = -287 - -117. Let r = h - -172. What is the greatest common divisor of r and 32?
2
Let b(m) = m**3 - 139*m**2 + 289*m + 107. Let k be b(137). What is the greatest common factor of 138 and k?
46
Suppose -38 = 7*y - 248. Suppose 29*c = y*c - 4. Let l be (c - (-28)/(-8))*12. What is the greatest common factor of 42 and l?
6
Let j(w) = -12 - w**3 + 8*w + 19 + 0. Let u be j(-3). Calculate the greatest common divisor of u and 25.
5
Suppose -4*g + 178 = 20*h - 18*h, -7*g = 5*h - 316. Let i be ((-215)/(-2))/((-1)/(-2)). Calculate the greatest common factor of g and i.
43
Let n(g) = 25 + g + 13*g + 243 + 4*g - g. Let r be n(-15). Let a(v) = -39*v. Let z be a(-3). Calculate the highest common factor of r and z.
13
Let i = 13916 + -10792. Calculate the highest common divisor of i and 44.
44
Let q be 4/(-14) - 184/(-7). Let o be ((2 - (1 - -1)) + -65)*(14 - 16). What is the highest common factor of o and q?
26
Suppose 2 = v + y - 2*y, -2*y = -5*v + 10. Let q be -3 + 1 + (v - -22). Calculate the greatest common factor of 77 and q.
11
Let d(x) = -x**3 - 6*x**2 + x + 9. Let z be d(-6). Let j(p) = 3*p**3 - 6*p**2 + 13*p - 12. Let q be j(z). What is the highest common divisor of 18 and q?
18
Let z be (16 - 2/(-2)) + 1. Let b = -922 + 1521. Suppose 0 = -17*s + 13 + b. What is the greatest common factor of z and s?
18
Let a = -12897 + 13401. What is the highest common divisor of 357 and a?
21
Let d = -1382 - -1480. Calculate the highest common factor of d and 126.
14
Suppose 571*n - 10335 = -118*n. Let r(l) = 2*l**2 + 5*l - 2. Suppose -12 = 3*z - 0*z. Let u be r(z). What is the greatest common factor of u and n?
5
Let z be 12072/15 - (-144)/120. Let k = -287 + 300. Calculate the greatest common factor of k and z.
13
Suppose -3*i - 312 = -2*o, -2*o + 336 - 40 = i. Suppose -6*r + 5*r - 5 = 0. Let k = r - -35. Calculate the highest common divisor of k and o.
30
Let p(h) = -17 - 52*h - 49 + 17 - 76. Let l be p(-5). Calculate the greatest common factor of 81 and l.
27
Let g(j) = -12*j + 22*j + 0*j + 2*j - 56 + j. Let p be g(5). Calculate the highest common divisor of p and 405.
9
Suppose 138*n - 133*n = -4*t + 620, -306 = -2*t - 3*n. Suppose 3 = 3*u - 3. Suppose u*k - 33 = k. Calculate the highest common factor of k and t.
33
Suppose -212420 = -139*i - 121*i. Calculate the highest common divisor of i and 731.
43
Suppose 126*v + 234*v = 48960. Calculate the highest common factor of v and 442.
34
Suppose 12*d - 42 + 6 = 0. Suppose -4*w = -d*w - 3. Suppose 0 = -v + 5, -w*g - 2*g - v = -90. What is the highest common divisor of g and 17?
17
Suppose 0 = -4*g, -2*k - k = -4*g - 600. Suppose 4*h = 29*h. Suppose 450 = 9*m - h*m. Calculate the greatest common factor of k and m.
50
Suppose -2816 = -8*y - 0*y. Suppose 25*l = 29*l - y. Let f(t) = t**2 + 11. Let a be f(0). What is the greatest common factor of l and a?
11
Let y(z) = 2*z - 3 + 3*z - 3. Let f be y(4).